13. Let p be j(-4). Let s = 178 + p. Suppose 0*w = 3*w - 177. What is the remainder when w is divided by s?
14
Let u be (-3)/((-21)/(-9) + -2). Calculate the remainder when -1 + 3/2 + (-357)/(-2) is divided by 90/(-3)*u/6.
44
Let h = -464 - -2300. Calculate the remainder when h is divided by 20.
16
Let h(x) = 61*x + 871. What is the remainder when h(9) is divided by 207?
178
Let a = -227 + 244. What is the remainder when 2769 is divided by a?
15
Let a = 533 - 805. Let n = a - -305. What is the remainder when n is divided by 17?
16
Suppose -4*o = -86*j + 91*j - 313, -5*o - 210 = -3*j. Calculate the remainder when 1227 is divided by j.
57
Suppose 7*u = u + 318. Let n(r) = r**3 + 27*r**2 - 27*r + 58. Calculate the remainder when u is divided by n(-28).
23
Let l = 965 + -782. Suppose -51 = 5*x + 4*r - 0*r, 0 = x + 3*r + 19. Calculate the remainder when l is divided by (2 - -34) + x + 8.
35
Suppose -5*j - 9 = 4*g, 5*g - 5 = -4*j + j. Suppose -1 = -w - g, -69 = -3*y + 3*w. Calculate the remainder when y is divided by 8.
4
Let x = 485 + -481. Calculate the remainder when 782 is divided by 70/(-56) + 121/x.
28
Suppose 0 = -n + 2, -c = 66*n - 63*n - 17. Suppose -4*s + 4*z = -168, z + 68 = 2*s + 3*z. Calculate the remainder when s is divided by c.
5
Let r be (-2)/35*-5 - (-488)/7. Suppose -7*l + r = -42. Calculate the remainder when l is divided by 4.
0
Calculate the remainder when 3/(2/((-336)/1005) - -6) is divided by 41.
4
Suppose -17*u + 41*u = 432. Calculate the remainder when 930 is divided by u.
12
Suppose -3*l + 13 = -2*p, 5 + 0 = -p. Let n(m) = 69*m + 1. Let k be n(l). Suppose 6*q + k = 298. Calculate the remainder when q is divided by 14.
10
Suppose -31 = 11*i - 8*i - 106. What is the remainder when 360 is divided by i?
10
Let i(k) = 6*k**2 + 27*k - 89. Let y(z) = -z**2 - 6*z + 18. Let d(s) = 2*i(s) + 11*y(s). What is the remainder when 248 is divided by d(16)?
80
Let j(i) = -10*i + 17 + 4*i**2 + 10 + 0*i**2 - 5*i**2. Let m be j(-12). Suppose -m*x + 98 = -1. Calculate the remainder when 65 is divided by x.
32
Let i(r) = -57*r - 6. Let g(b) = b**2 + b - 1. Let v be g(-2). Let d be i(v). Let p = 80 + d. Calculate the remainder when 29 is divided by p.
12
Let j = 2048131 - 2048035. Suppose -4*z = o - 3, -2*o + 5*o = 3*z + 9. Let u(q) = -q**2 + 34. What is the remainder when j is divided by u(z)?
28
What is the remainder when (-70 + 62)/((-6)/1122) is divided by 239?
62
Suppose 3*i - 486 = -3*g, -3*g - 4*i + 492 = i. Let o = 175 - g. Calculate the remainder when 62 is divided by o.
14
Let b = 0 + 2. Let d = 9 - b. Let v(q) = 5721*q + 749561. What is the remainder when v(-131) is divided by d?
5
Suppose -4*v - 4*q + 5732 = 1932, -4*v + 3798 = 2*q. Calculate the remainder when v is divided by 50.
49
Suppose -4*q + 1559 = 2*x - 335, q = -4*x + 484. What is the remainder when q is divided by 15?
7
Suppose -3*m - 79500 = -153*m. Suppose 53 = b - 3*f, 5*b - 299 = -2*f - 0*f. Calculate the remainder when m is divided by b.
58
Let h(n) = 3*n**2 + 3*n - 12. Suppose 16 = 4*i - 3*b, 0 = 5*b - 8*b. Suppose 0 = 4*a - 24 - 16. Calculate the remainder when h(i) is divided by a.
8
Let p = 128 - 121. Suppose 2*u - 3 = p, -5*q + u = -850. Calculate the remainder when q is divided by 58.
55
Let m = 111 + -96. Let z = 493 - 316. What is the remainder when z is divided by m?
12
Suppose -11*l + 51*l - 19126 = 32594. What is the remainder when l is divided by 3?
0
Suppose 16*u - 72744 - 2685 = 35627. Calculate the remainder when u is divided by 178.
177
Let x = 87 + -69. Let v = 147 + -88. Let k = 10 + v. Calculate the remainder when k is divided by x.
15
Let y be (-2 - 33)*(-21)/35. What is the remainder when (-2)/8 + 291/12 is divided by -4 + y - (0 - 4)/(-2)?
9
Calculate the remainder when 52 is divided by (-150)/(-4)*(2 - 48/36).
2
What is the remainder when 515 is divided by (655/4)/5 + 27/108?
20
Let q = 125 - 120. Suppose -4 = -l - 1, q*y + 2*l - 271 = 0. Let i = 22 - 4. What is the remainder when y is divided by i?
17
Suppose 5*k - 24 = 181. Suppose k*n - 492 = 37*n. What is the remainder when n is divided by 25?
23
Let r(z) = z**3 + 4*z**2 + 5. Let w be r(-4). Suppose w*d + 65 - 215 = 0. Suppose 0 = -73*a + 75*a - 178. Calculate the remainder when a is divided by d.
29
Suppose 0 = 3*q - 15, -2*a + 4*q + 32 = -4. Calculate the remainder when 92 is divided by a.
8
Let m(l) = 2*l + 6. Let k = 152 - 135. Calculate the remainder when m(k) is divided by 11.
7
Let s(k) = k**3 - 85*k**2 + 630*k - 16. What is the remainder when 554 is divided by s(8)?
74
Let n = -44 - -51. Suppose n*y + 6*y = 247. Calculate the remainder when y is divided by 16.
3
Let i(z) = -z**3 - 3*z - 9*z - 15 + 4*z + 2. What is the remainder when i(-3) is divided by 4?
2
Suppose -32 = -20*k + 12*k. Let x(z) = 10*z + 4. Let l be x(4). Suppose 0 = k*f - s + 5*s - l, s - 56 = -4*f. What is the remainder when 55 is divided by f?
10
What is the remainder when 55 is divided by (0 + 0 - -26) + 16*6/96?
1
Let l(d) = -221*d + 1839. What is the remainder when l(8) is divided by 36?
35
What is the remainder when (-294)/(-42) + (-485)/(-5) is divided by 53 + (1 - (2 + -2))?
50
Suppose 0 = 6*w + 5*w + 198. Suppose -3*b - 31 = -127. Let v = w + b. Calculate the remainder when v is divided by 6.
2
Suppose 4*r - 3*s = -r + 407, 4*s = -r + 86. Let o = r - 78. Calculate the remainder when 88 is divided by o*(-6)/(-15)*10 + -3.
10
Suppose -34 + 14 = 10*n. Let i be 928/8 + (n - 2/(-2)). Let y = -96 + i. Calculate the remainder when y is divided by 4.
3
Let t = -5992 + 5995. What is the remainder when 161 is divided by t?
2
Let j = -1424 - -682. Let w = j + 759. Calculate the remainder when 609 is divided by w.
14
Suppose -27*p + 33*p + 3*h - 132 = 0, -2*h = 3*p - 62. Suppose -352 + 44 = -4*o. What is the remainder when o is divided by p?
25
What is the remainder when 26*34/1105*2445/6 is divided by 45?
11
Suppose 5593 - 343 = -35*p. Let x = 53 - p. What is the remainder when x is divided by 14?
7
Let c = -1 + 2. What is the remainder when (-13 + (-6 - -6))/(-1) is divided by 85/20 + c/(-4)?
1
Suppose 0 = d + 3*d + 2*p + 376, 4*d + 376 = 4*p. Let k = 119 + d. Calculate the remainder when k is divided by (6*-1)/(4/(-10)).
10
Suppose -4*q + 167 - 83 = 0. Suppose -5*i + 652 = -24*f + q*f, f = -3*i + 380. What is the remainder when i is divided by 23?
13
Let c = -95 + 99. What is the remainder when (-319)/(-22) - 2/c is divided by 9?
5
Suppose 46 = -8*p - 63 + 501. What is the remainder when 1514 is divided by p?
44
Let k = -3333 - -6039. What is the remainder when k is divided by 94?
74
Let w = -94 + 239. Let l = w + 51. Suppose l = 6*z + z. What is the remainder when z is divided by 6?
4
Suppose -9 + 7 = -y. Suppose 109 = 4*p - 3*n, -y*p + 115 = 2*p - 5*n. Calculate the remainder when p is divided by 10.
5
Suppose 108*x = -18*x + 47124. What is the remainder when x is divided by 124?
2
Suppose 0 = -6*q + 2*q + 20. Suppose 380*y - 456 = 368*y. Calculate the remainder when y is divided by q.
3
Let j be 4/16 + (-1027)/(-4). Let k = j - 225. What is the remainder when 510 is divided by k?
30
Let l = 241 - 232. Suppose 32 = -l*w + 11*w. What is the remainder when 24 is divided by w?
8
Let b = -29 + 22. Suppose -6*n = 4*n - 120. What is the remainder when 687/21 - 2/b is divided by n?
9
Let r(p) = -461*p**3 - 8*p**2 + p + 7. Calculate the remainder when r(-1) is divided by 66.
63
Suppose -8*l = -9*l - 5*k - 5, -4*k - 61 = -3*l. What is the remainder when 402 is divided by l?
12
Let s(q) = 3*q**2 + 27*q + 291. Calculate the remainder when s(-43) is divided by 39.
36
Let s(c) = c**2 + 9*c + 4. Let w(h) = 3*h**2 + 19*h + 9. Let y(n) = 5*s(n) - 2*w(n). Let f be y(5). Calculate the remainder when 11 is divided by 8/f*6 + 3.
4
Suppose 4*b = 6*b - 24. Let c = -270 + 271. Calculate the remainder when (24 - c)/(6*(-8)/(-96)) is divided by b.
10
Suppose 4*l + 143 = 3*l. Let t = 156 + l. Calculate the remainder when 41 is divided by t.
2
Let j be (-2802)/5*-1 + 80/(-200). Let p = j - 548. Calculate the remainder when 118 is divided by p.
10
Suppose 23*o - 17 = 40*o. Let x(j) = 56*j**2 + 2*j - 3. Calculate the remainder when x(o) is divided by 35.
16
Suppose 0 = -13*w + 106 + 128. Suppose -w*u + 26*u - 376 = 0. Let v = 31 - 19. Calcu